s the remainder when 482 is divided by 102?
74
What is the remainder when 4153 is divided by 298?
279
Calculate the remainder when 357 is divided by 45.
42
What is the remainder when 117 is divided by 9?
0
Calculate the remainder when 2699 is divided by 75.
74
Calculate the remainder when 69 is divided by 67.
2
What is the remainder when 367 is divided by 16?
15
Calculate the remainder when 607 is divided by 13.
9
What is the remainder when 518 is divided by 84?
14
Calculate the remainder when 508 is divided by 86.
78
Calculate the remainder when 914 is divided by 131.
128
What is the remainder when 3957 is divided by 90?
87
What is the remainder when 27620 is divided by 31?
30
Calculate the remainder when 87 is divided by 10.
7
Calculate the remainder when 293 is divided by 7.
6
Calculate the remainder when 175 is divided by 39.
19
What is the remainder when 4186 is divided by 4?
2
What is the remainder when 3124 is divided by 211?
170
Calculate the remainder when 689 is divided by 9.
5
What is the remainder when 1561 is divided by 200?
161
Calculate the remainder when 2676 is divided by 26.
24
What is the remainder when 1620 is divided by 90?
0
Calculate the remainder when 583 is divided by 80.
23
What is the remainder when 713 is divided by 78?
11
Calculate the remainder when 1703 is divided by 217.
184
What is the remainder when 45644 is divided by 51?
50
What is the remainder when 1274 is divided by 75?
74
Calculate the remainder when 1675 is divided by 120.
115
What is the remainder when 76 is divided by 30?
16
What is the remainder when 108 is divided by 57?
51
Calculate the remainder when 362 is divided by 26.
24
Calculate the remainder when 4357 is divided by 218.
215
Calculate the remainder when 2417 is divided by 350.
317
Calculate the remainder when 535 is divided by 19.
3
Calculate the remainder when 40 is divided by 6.
4
Calculate the remainder when 738 is divided by 21.
3
What is the remainder when 239 is divided by 12?
11
Calculate the remainder when 160 is divided by 48.
16
What is the remainder when 184 is divided by 103?
81
Calculate the remainder when 1395 is divided by 323.
103
Calculate the remainder when 64 is divided by 13.
12
Calculate the remainder when 2690 is divided by 69.
68
Calculate the remainder when 254 is divided by 14.
2
Calculate the remainder when 701 is divided by 64.
61
What is the remainder when 170 is divided by 16?
10
Calculate the remainder when 43 is divided by 12.
7
Calculate the remainder when 34 is divided by 2.
0
What is the remainder when 556 is divided by 7?
3
Calculate the remainder when 1182 is divided by 133.
118
Calculate the remainder when 6059 is divided by 404.
403
Calculate the remainder when 546 is divided by 19.
14
Calculate the remainder when 255 is divided by 9.
3
Calculate the remainder when 1127 is divided by 163.
149
Calculate the remainder when 74 is divided by 9.
2
Calculate the remainder when 4379 is divided by 12.
11
Calculate the remainder when 238 is divided by 75.
13
Calculate the remainder when 520 is divided by 63.
16
Calculate the remainder when 213 is divided by 28.
17
What is the remainder when 11912 is divided by 259?
257
What is the remainder when 345 is divided by 19?
3
Calculate the remainder when 14520 is divided by 9.
3
Calculate the remainder when 3050 is divided by 39.
8
Calculate the remainder when 724 is divided by 67.
54
Calculate the remainder when 523 is divided by 26.
3
What is the remainder when 1190 is divided by 392?
14
What is the remainder when 96 is divided by 17?
11
What is the remainder when 145 is divided by 30?
25
What is the remainder when 179 is divided by 60?
59
What is the remainder when 500 is divided by 117?
32
What is the remainder when 194 is divided by 37?
9
Calculate the remainder when 700 is divided by 19.
16
What is the remainder when 669 is divided by 42?
39
What is the remainder when 82 is divided by 6?
4
What is the remainder when 74 is divided by 25?
24
What is the remainder when 18962 is divided by 44?
42
Calculate the remainder when 220 is divided by 103.
14
Calculate the remainder when 125 is divided by 107.
18
Calculate the remainder when 6247 is divided by 36.
19
What is the remainder when 94 is divided by 37?
20
Calculate the remainder when 82 is divided by 9.
1
What is the remainder when 137 is divided by 75?
62
Calculate the remainder when 502 is divided by 84.
82
What is the remainder when 226 is divided by 10?
6
Calculate the remainder when 433 is divided by 109.
106
What is the remainder when 188 is divided by 38?
36
Calculate the remainder when 495 is divided by 124.
123
Calculate the remainder when 2 is divided by 2.
0
What is the remainder when 388 is divided by 13?
11
Calculate the remainder when 2147 is divided by 65.
2
What is the remainder when 382 is divided by 55?
52
Calculate the remainder when 986 is divided by 164.
2
What is the remainder when 347 is divided by 322?
25
Calculate the remainder when 62 is divided by 16.
14
What is the remainder when 230 is divided by 43?
15
Calculate the remainder when 1006 is divided by 44.
38
What is the remainder when 229 is divided by 70?
19
Calculate the remainder when 866 is divided by 124.
122
Calculate the remainder when 263 is divided by 89.
85
What is the remainder when 10290 is divided by 78?
72
What is the remainder when 618 is divided by 146?
34
What is the remainder when 25192 is divided by 59?
58
What is the remainder when 65 is divided by 24?
17
Calculate the remainder when 80 is divided by 44.
36
Calculate the remainder when 90 is divided by 27.
9
What is the remainder when 131 is divided by 51?
29
Calculate the remainder when 5937 is divided by 18.
15
What is the remainder when 31565 is divided by 6?
5
What is the remainder when 4535 is divided by 8?
7
What is the remainder when 4768 is divided by 53?
51
What is the remainder when 236 is divided by 7?
5
What is the remainder when 285 is divided by 36?
33
Calculate the remainder when 12707 is divided by 31.
28
Calculate the remainder when 95 is divided by 34.
27
Calculate the remainder when 123 is divided by 13.
6
What is the remainder when 95 is divided by 95?
0
Calculate the remainder when 465 is divided by 225.
15
Calculate the remainder when 785 is divided by 192.
17
Calculate the remainder when 292 is divided by 50.
42
What is the remainder when 49 is divided by 11?
5
Calculate the remainder when 16 is divided by 7.
2
What is the remainder when 60707 is divided by 21?
17
Calculate the remainder when 470 is divided by 168.
134
What is the remainder when 80 is divided by 44?
36
What is the remainder when 74 is divided by 4?
2
What is the remainder when 487 is divided by 60?
7
Calculate the remainder when 324 is divided by 167.
157
What is the remainder when 308 is divided by 16?
4
What is the remainder when 485 is divided by 25?
10
What is the remainder when 245 is divided by 62?
59
What is the remainder when 35 is divided by 10?
5
Calculate the remainder when 3005 is divided by 600.
5
What is the remainder when 241 is divided by 64?
49
Calculate the remainder when 1989 is divided by 395.
14
What is the remainder when 12672 is divided by 1584?
0
What is the remainder when 521 is divided by 14?
3
What is the remainder when 2683 is divided by 665?
23
Calculate the remainder when 22 is divided by 6.
4
What is the remainder when 373 is divided by 21?
16
Calculate the remainder when 475 is divided by 53.
51
What is the remainder when 111 is divided by 35?
6
What is the remainder when 439 is divided by 337?
102
What is the remainder when 43 is divided by 11?
10
Calculate the remainder when 164 is divided by 90.
74
What is the remainder when 592 is divided by 180?
52
What is the remainder when 11568 is divided by 57?
54
Calculate the remainder when 411 is divided by 201.
9
Calculate the remainder when 803 is divided by 17.
4
Calculate the remainder when 2711 is divided by 59.
56
Calculate the remainder when 61 is divided by 6.
1
What is the remainder when 225 is divided by 36?
9
What is the remainder when 412 is divided by 104?
100
What is the remainder when 348 is divided by 9?
6
Calculate the remainder when 51 is divided by 11.
7
What is the remainder when 97 is divided by 57?
40
Calculate the remainder 